 and 6?
2
Calculate the greatest common factor of 708 and 59118.
354
Calculate the highest common factor of 37 and 52651.
37
Calculate the greatest common factor of 34400 and 602.
86
What is the highest common factor of 15 and 182315?
5
What is the greatest common divisor of 29 and 4813043?
29
Calculate the highest common divisor of 27119 and 470.
47
What is the highest common factor of 162765 and 45?
45
What is the greatest common factor of 146 and 34967?
73
Calculate the greatest common factor of 21257 and 754.
29
What is the greatest common divisor of 650 and 6110?
130
Calculate the greatest common factor of 201 and 981.
3
Calculate the highest common factor of 561876 and 252.
84
Calculate the greatest common divisor of 556447 and 212.
53
Calculate the greatest common divisor of 618278 and 388.
194
Calculate the highest common divisor of 67 and 59630.
67
What is the highest common factor of 2 and 9953?
1
Calculate the highest common divisor of 64 and 192704.
64
Calculate the greatest common factor of 52351 and 52.
13
What is the greatest common factor of 1188 and 1247697?
297
Calculate the highest common factor of 63 and 2619519.
21
Calculate the highest common factor of 120 and 3090.
30
What is the highest common divisor of 138432 and 64?
64
Calculate the greatest common divisor of 71 and 251127.
71
Calculate the greatest common factor of 10608 and 11832.
408
What is the greatest common divisor of 380215 and 465?
155
Calculate the greatest common factor of 222 and 61050.
222
Calculate the greatest common divisor of 17935 and 85.
85
Calculate the highest common divisor of 713 and 837.
31
What is the greatest common factor of 962312 and 16?
8
Calculate the greatest common factor of 336 and 840.
168
What is the highest common divisor of 99 and 21714?
33
What is the highest common factor of 3078180 and 36?
36
What is the greatest common factor of 29625 and 2625?
375
Calculate the highest common factor of 9891 and 79317.
63
Calculate the highest common divisor of 4452 and 34468.
28
What is the greatest common divisor of 955465 and 35?
35
Calculate the highest common divisor of 20620 and 150.
10
What is the highest common factor of 394635 and 15?
15
What is the highest common factor of 78 and 40911?
39
What is the greatest common divisor of 2872 and 1633091?
359
Calculate the greatest common factor of 2490 and 4270.
10
Calculate the highest common factor of 2750 and 1469875.
1375
Calculate the greatest common factor of 550 and 12275.
25
What is the greatest common divisor of 119548 and 234?
26
Calculate the highest common factor of 1100 and 4796.
44
What is the greatest common factor of 729741 and 4164?
1041
What is the highest common divisor of 157 and 687660?
157
What is the highest common factor of 830181 and 363?
363
What is the greatest common factor of 1470 and 91200?
30
Calculate the highest common divisor of 1 and 14177.
1
What is the greatest common factor of 121075 and 325?
25
What is the highest common divisor of 133397 and 134?
67
Calculate the greatest common factor of 6536 and 258.
86
What is the highest common factor of 1625 and 559?
13
What is the greatest common factor of 99144 and 425?
17
Calculate the highest common factor of 25 and 5310.
5
What is the greatest common factor of 49410 and 159570?
810
Calculate the highest common factor of 41 and 409.
1
What is the greatest common divisor of 11504 and 368?
16
What is the highest common factor of 925 and 12062?
37
Calculate the greatest common factor of 122468 and 204.
68
What is the greatest common divisor of 53 and 1024?
1
Calculate the highest common factor of 14098 and 798.
266
What is the greatest common factor of 94587 and 123?
123
Calculate the greatest common factor of 1394442 and 1785.
357
What is the highest common factor of 273 and 10157?
7
Calculate the greatest common factor of 7423 and 21127.
571
Calculate the highest common factor of 764672 and 320.
64
Calculate the greatest common factor of 1140079 and 235.
47
Calculate the greatest common divisor of 293386 and 34.
34
What is the greatest common factor of 20925 and 191425?
775
Calculate the greatest common divisor of 5755884 and 3.
3
What is the highest common factor of 504 and 60282?
18
Calculate the highest common divisor of 8314 and 32.
2
Calculate the greatest common divisor of 304 and 14128.
16
What is the greatest common divisor of 574390 and 15?
5
What is the highest common divisor of 8125 and 845?
65
What is the highest common factor of 5313283 and 61?
61
Calculate the greatest common divisor of 224880 and 25440.
240
Calculate the greatest common factor of 40379 and 447.
149
What is the highest common factor of 37736 and 3204?
356
What is the greatest common factor of 136150 and 406?
14
Calculate the greatest common factor of 48165 and 380.
95
Calculate the highest common factor of 94 and 850.
2
Calculate the highest common factor of 238817 and 158.
79
What is the highest common factor of 542 and 105419?
271
What is the greatest common divisor of 126 and 359082?
18
What is the highest common factor of 1211 and 8029?
7
Calculate the highest common divisor of 29 and 144623.
29
What is the highest common divisor of 24192 and 656?
16
Calculate the greatest common factor of 93 and 15407.
31
Calculate the greatest common divisor of 2414 and 10082.
142
What is the greatest common divisor of 60202 and 775?
31
What is the greatest common divisor of 251 and 34?
1
Calculate the highest common factor of 72 and 1097448.
24
Calculate the highest common divisor of 264 and 35871.
33
What is the greatest common divisor of 65582 and 12466?
542
Calculate the greatest common divisor of 56770 and 1120.
70
What is the highest common divisor of 180 and 258840?
180
What is the greatest common divisor of 783 and 235857?
87
Calculate the greatest common divisor of 54 and 4098303.
27
What is the highest common divisor of 1073 and 27637?
29
What is the greatest common divisor of 1389052 and 14?
14
Calculate the greatest common factor of 3178 and 52210.
454
What is the highest common divisor of 11516 and 16?
4
What is the greatest common factor of 25 and 75575?
25
Calculate the highest common factor of 4312 and 7742.
98
Calculate the greatest common divisor of 43247 and 944.
59
What is the greatest common factor of 6 and 1058772?
6
What is the greatest common factor of 18392 and 113256?
968
Calculate the greatest common factor of 1015 and 40915.
35
What is the greatest common factor of 1276 and 219356?
116
Calculate the greatest common factor of 20068 and 580.
116
Calculate the highest common factor of 24235 and 10.
5
What is the highest common divisor of 100420 and 10?
10
Calculate the greatest common factor of 735 and 41055.
105
What is the greatest common factor of 459 and 8397?
27
What is the greatest common divisor of 8241 and 20787?
123
What is the greatest common factor of 30 and 632694?
6
Calculate the greatest common divisor of 168489 and 10476.
873
Calculate the highest common factor of 55821 and 1242.
69
Calculate the highest common factor of 17667 and 104.
13
What is the highest common factor of 138942 and 153882?
1494
What is the highest common factor of 81546 and 6?
6
Calculate the greatest common divisor of 11 and 59191.
11
What is the highest common divisor of 250114 and 158?
158
What is the highest common divisor of 9204 and 832?
52
Calculate the greatest common factor of 1411 and 111.
1
What is the greatest common divisor of 6 and 18782?
2
Calculate the highest common divisor of 280 and 9040.
40
What is the greatest common divisor of 445846 and 522?
58
Calculate the highest common divisor of 5679435 and 30.
15
What is the greatest common divisor of 186 and 373209?
93
Calculate the highest common divisor of 2460 and 968420.
820
What is the greatest common factor of 16 and 4454824?
8
What is the highest common divisor of 6026 and 644?
46
What is the highest common factor of 1856 and 10440?
232
What is the greatest common divisor of 14663 and 165077?
473
What is the greatest common divisor of 7264 and 1184?
32
Calculate the greatest common divisor of 2192 and 11234.
274
What is the greatest common factor of 412 and 3372?
4
What is the highest common factor of 22982 and 96?
2
Calculate the highest common divisor of 